visor of 14 and o.
14
Let k(u) = 7*u + 3. Let m be k(3). Calculate the highest common factor of 6 and m.
6
Let j(t) = 31*t - 1. Let f be j(1). What is the highest common factor of 20 and f?
10
Let v(m) = -22*m - 9. Let c be v(-12). What is the greatest common divisor of 51 and c?
51
Suppose 3*x = 4*m - 27, 0*m - 4*x - 26 = -2*m. Calculate the greatest common factor of 3 and m.
3
Suppose -12*t + 1320 = 12*t. What is the highest common factor of t and 5?
5
Suppose 26*w = 30*w - 256. Calculate the greatest common divisor of 8 and w.
8
Let y be (0 - 25)/(7/(-14)). Suppose 60 = 4*p - 2*b - 3*b, 0 = -b + 4. What is the greatest common factor of p and y?
10
Let o(b) = -b**2 + 24*b + 19. Let m be o(23). What is the highest common factor of 6 and m?
6
Let s = 12 + -7. Suppose 2*x - 34 = 3*n, 5*n - 3*x + 54 = -x. Let c be (-104)/n + (-2)/s. Calculate the greatest common factor of 10 and c.
10
Let i = -236 - -396. Let l(f) = 4*f**2 - f - 1. Let q be l(3). Calculate the highest common factor of i and q.
32
Let h(r) = -r**3 - 11*r**2 + 16*r + 2. Let n be h(-13). What is the greatest common divisor of 12 and n?
12
Suppose f = 3*w + 1 + 8, 5*f + 5*w = -15. Let k = -1 + 1. Suppose k = -v + 4*g + 84, f*g - g = v - 89. Calculate the greatest common divisor of v and 8.
8
Let y = -16 - -15. Let g be 7/((-12)/(-8) + y). What is the greatest common factor of 21 and g?
7
Suppose 6*g - 5*c = g + 10, -8 = -4*g + 2*c. Suppose h + 14 = -5*o, 3*o + 4 = g*h - 7. Let r be (o + (8 - 2))*18. What is the greatest common factor of r and 6?
6
Suppose 2*f + 270 = 4*f. What is the highest common factor of f and 15?
15
Let d = -6 - -10. Suppose -3*x + t = -d*x - 2, 0 = 3*x + t + 10. Let n be (-56)/(-6) + x/(-6). What is the highest common divisor of n and 70?
10
Suppose 5*y - 90 = 3*p - 4*p, 3*y - 2*p = 67. Suppose 6*i - y = 101. Suppose -5*m + 8 = -92. What is the highest common divisor of m and i?
20
Let k be 0 - -2 - (2 + -11). Let r(x) = -x**3 - 7*x**2 - 5*x + 3. Let i be r(-6). Let f be (0 - (-3)/i)*-1. Calculate the greatest common factor of k and f.
1
Let s be (4/(-3))/(1/9). Let a = -9 - s. Calculate the highest common divisor of a and 3.
3
Let n(o) = -31*o - 4. Let b be n(-4). What is the highest common divisor of 30 and b?
30
Let g be (40/25)/(6/135). What is the highest common divisor of g and 12?
12
Let b be (1 - (2 - 1)) + 1. Let a be (6/8 - 1)*-4. Let c be a/(-1*1/(-1)). Calculate the highest common divisor of c and b.
1
Let v(h) = h**2 - 7. Let z be v(-3). Let w = -19 - -33. Calculate the greatest common factor of w and z.
2
Suppose -7*p + 20 = -2*p, 16 = -4*i + 4*p. Suppose -3*z - 2*q + 26 = 0, -5*q + 9 + 11 = i. What is the greatest common factor of 30 and z?
6
Suppose -v - 5 = -4. Let i be 0 - v - 0/1. What is the highest common factor of i and 8?
1
Suppose 4*h - 2*z - 6 = 0, h - 5*h + 5 = -3*z. Calculate the greatest common factor of h and 14.
2
Let o = -68 + 118. Let n(v) = v**2 - 12*v - 15. Let s be n(12). Let x = -5 - s. What is the highest common factor of x and o?
10
Suppose -49 = -5*x - 2*x. What is the highest common factor of x and 21?
7
Suppose w = 2*w + 5*z + 4, -z - 1 = 0. Let r = 3 + w. What is the highest common factor of 32 and r?
4
Suppose 3*g + z + 0*z - 432 = 0, 0 = -2*g + 2*z + 280. Let b(f) = -f - 59. Let u be b(0). Let t = u + g. Calculate the highest common divisor of t and 12.
12
Let i(r) = r**3 + 6*r**2 + 4*r. Suppose 5*z + 25 = -0*z. Let a be i(z). Calculate the highest common factor of 35 and a.
5
Let s be (-6)/(-21) + (-183)/(-21). Suppose 0 = -0*w - w + s. Calculate the highest common divisor of w and 3.
3
Suppose -5*m = 3*t - 151, -3*t + 2*t + 61 = 2*m. Calculate the greatest common divisor of 8 and m.
8
Let z(p) = -p**3 + 6*p**2 + 2*p. Let r be z(6). Let j = r - -37. Calculate the greatest common factor of j and 7.
7
Suppose -m + 18 = z, 4*m - 4*z - 84 = 4. Suppose 2*t - 7*t = -m. Suppose -r = -5*r + 112. What is the highest common divisor of r and t?
4
Let s = 21 + -16. Calculate the highest common divisor of 65 and s.
5
Let h(d) = -d - 4. Let u be h(-8). Let y = 10 - u. Calculate the greatest common divisor of y and 24.
6
Let d(w) = w**3 - 18*w**2 - 18*w - 13. Let h be d(19). What is the highest common factor of h and 30?
6
Let z(q) = 17*q - 1. Let w be z(3). Suppose 0 = 12*k - 13*k - 26. Let b = k + w. What is the greatest common divisor of b and 6?
6
Let k(o) = -o**3 - 5*o**2 + o + 7. Let m be k(-5). Suppose -35 = -m*y - 3*y. Let w = 107 - 51. What is the highest common divisor of y and w?
7
Suppose -3 = -k + 3. What is the highest common factor of k and 3?
3
Suppose -3*l = 3, -l - 3*l - 193 = -3*q. Calculate the greatest common divisor of 9 and q.
9
Let u = -33 - -57. Let j(y) = 13*y - 1. Let q be j(1). Let d = u - q. Calculate the highest common factor of 108 and d.
12
Let g(a) = 2*a**2 - 16*a + 15. Let z(o) = -o**3 - 11*o**2 + 10. Let c be z(-11). Let q be g(c). Calculate the greatest common divisor of q and 11.
11
Let p be (-2332)/(-55) + (-3)/(-5). Suppose 2*x - 39 = -x. Suppose 4*s = p + x. What is the highest common divisor of 2 and s?
2
Suppose 1315 = 3*y + 370. Calculate the greatest common factor of 35 and y.
35
Let i(f) = -f**3 + 7*f**2 - f + 3. Let y be i(7). Let p be 177 - (3 - (-2 - y)). What is the highest common divisor of 22 and p?
22
Let r = -4 - -8. Suppose 36 = 4*b + 4*k, 4*b = -3*k + 29 + 2. What is the highest common divisor of r and b?
4
Let z(o) = 16*o - 2. Let b be z(1). Let l = 26 - b. What is the greatest common factor of 18 and l?
6
Suppose -400 = 3*r - 8*r. Calculate the highest common divisor of r and 200.
40
Suppose 2*p - 5 = -3. What is the greatest common divisor of p and 8?
1
Suppose 0 = 5*i + 4*o - 34, -o + 4 = 3. Let f be (0 - 2)/((-1)/i). Let b(k) = -2*k + 96. Let n be b(0). Calculate the highest common factor of f and n.
12
Suppose -4*b = -b - 27. What is the greatest common divisor of 1 and b?
1
Let d = 38 + -16. Calculate the greatest common divisor of 44 and d.
22
Let w(g) = g**2 - 5*g + 9. Let l be w(6). Suppose l + 5 = x. What is the highest common divisor of 4 and x?
4
Suppose 3*u + 4*b = -41 + 109, -4*b - 16 = 0. Let x = -86 - -156. What is the highest common factor of u and x?
14
Suppose y - 154 = -2*h, 3*h - 205 = -0*y + 5*y. Suppose 4*m = h + 85. Let n be 4/(-16) - 42/(-8). Calculate the greatest common divisor of n and m.
5
Suppose 0 = -7*q + 12*q - 30. What is the greatest common factor of 4 and q?
2
Let s = -4 + 5. What is the greatest common factor of 9 and s?
1
Let t = 25 - -17. Suppose 4*j - 2*j = 12. What is the highest common factor of j and t?
6
Let i be (-6)/12 - 35/2. Let y = i + 38. What is the highest common factor of y and 160?
20
Let m = -15 + 23. What is the highest common divisor of 24 and m?
8
Suppose 4*t - 2*w - 914 = 0, 2*t + 4*w = -41 + 523. What is the greatest common factor of 21 and t?
21
Suppose -225 = -5*o + 5*x, 0*o = 3*o - 2*x - 132. Let l be (-3)/12 + (-114)/(-8). Calculate the greatest common divisor of o and l.
14
Let y(f) = f**3 - f**2 + f - 2. Let i be y(2). Suppose 0 = i*d + 6 - 50. What is the highest common factor of 44 and d?
11
Let p(w) = 2*w - 2. Let a be p(5). Suppose 5*d + 33 = a*d. What is the greatest common divisor of d and 33?
11
Let h = 0 + 15. Calculate the greatest common divisor of 120 and h.
15
Suppose -24 + 9 = -y. Suppose 0 = 2*x - w - 8, 6*x = x - w + 13. Suppose k = -2*g - 3*k + 286, x*k = 12. What is the highest common divisor of g and y?
15
Let s be (-418)/(-7) - 4/(-14). What is the greatest common divisor of 24 and s?
12
Let s(l) = 2*l**2 + 2*l - 4. Let r be s(-3). What is the greatest common divisor of r and 80?
8
Suppose 4*t + 42 = 3*o - 20, -2*t - 80 = -5*o. What is the highest common factor of 14 and o?
14
Let o = 53 + 7. What is the highest common divisor of o and 15?
15
Let s(x) = -x**3 - 7*x**2 - 9*x + 7. Let t be s(-5). Calculate the greatest common divisor of 8 and t.
2
Let o(k) = k**2 - 3*k - 1. Let y be o(6). What is the highest common factor of y and 34?
17
Let y(g) = -g**3 - 3*g - 3. Let k be y(-2). Suppose -93 = -2*q + s, 0 = 4*q + s + 3*s - 156. What is the highest common factor of k and q?
11
Let s = -86 + 163. Suppose -5*r = -197 + s. Let c = -6 + 12. What is the greatest common divisor of r and c?
6
Sup